6 + (-38)/12 + 15/(-18). Suppose 0 = 3*g - 306 + 72. Suppose 157 = 2*x + u, u = 10*x - o*x + g. What are the prime factors of x?
79
Let v be 44/12*(1 + 2). Let n(g) = g**3 - 7*g**2 + 9*g - 27. What are the prime factors of n(v)?
2, 139
Let q(l) = -55*l**3 - 104*l**2 - 572*l - 1. What are the prime factors of q(-6)?
43, 269
Let c be (12912/(-28))/(2/(-7)). List the prime factors of 12/(-18) + c/18.
89
List the prime factors of 4 + 11/(-2) - (-261222)/68.
2, 3, 5
Let i be -54*(-3)/6 + -3 + 2. Let y(u) = 6*u**2 - 2*u + 11. Let f be y(5). Suppose -f = -i*a + 25*a. List the prime factors of a.
151
Suppose -3*v + h + 568 = 0, -5*h + 792 = 5*v - 188. Suppose 4*k - 5*d - 189 = 0, 5*k - 42 - v = 3*d. Suppose -k*f = -47*f + 89. List the prime factors of f.
89
Let v be (-38)/(-11) - (-6)/11. Suppose 3*q + v*w - 1004 = 0, 895 = 3*q + w - 94. List the prime factors of q.
2, 41
Suppose 3*i + 31458 = 3*w, -23*i - 41940 = -4*w - 18*i. What are the prime factors of w?
2, 5, 1049
Suppose -504*s + 338358 + 771954 = 0. List the prime factors of s.
2203
Let r(p) = 2*p**2 - 8*p - 6. Let k(b) = b**2 - 4*b - 3. Let z(a) = 5*k(a) - 3*r(a). Let f be z(4). Suppose 6*o - 24 = f*o. List the prime factors of o.
2
Suppose -9*s + 12982 + 46898 = y, 3*y + 33256 = 5*s. List the prime factors of s.
6653
Let s = 65 - 63. Suppose -a - d = 6, s*d = -2*a + d - 9. List the prime factors of a*2/3*(-645)/10.
3, 43
Let r = 27732 - 19304. List the prime factors of r.
2, 7, 43
Suppose 0 = -34*z + 40*z. What are the prime factors of ((-42)/9)/(z - 2/654)?
2, 7, 109
Let h be (27/15)/(12/60). Suppose 8178 = 5*t + o, -4*t - h*o + 6549 = -6*o. What are the prime factors of t?
3, 5, 109
Let b(g) = -2*g**3 + 67*g**2 - 66*g + 77. What are the prime factors of b(28)?
7, 11, 89
Let o = 25194 - 16498. List the prime factors of o.
2, 1087
Let b = -28 - -39. Suppose -6 = b*w + 49. List the prime factors of (-43)/w*(-5)/(-1).
43
Let n(x) = -x - 2*x**2 + 4*x + 22*x**3 - 158 + 77*x**3 - 20*x**3 + 149. List the prime factors of n(2).
3, 23
What are the prime factors of ((-2)/(-3))/((-1)/36*456/(-236949))?
3, 4157
Suppose 2*m = n - 12, 0 = -4*m - 13 - 7. Suppose -146 = -2*h - n*t, 3*h - 55 = -5*t + 160. List the prime factors of h.
3, 5
Suppose 11*w + 2*w - 143 = 0. Suppose 0 = 9*x + w*x - 17000. List the prime factors of x.
2, 5, 17
Suppose 4*i + 20*i = 1800. List the prime factors of 1782/(-10)*(-250)/i.
2, 3, 11
Let y = 13251 - 5649. What are the prime factors of y?
2, 3, 7, 181
Let w(y) = 616*y**2 - 19 - 10*y + 10*y - 7*y - 10*y. What are the prime factors of w(-1)?
2, 307
Let f = -267 - -1178. List the prime factors of f.
911
Suppose 3*g - 14661 + 2790 = -3*h, -15833 = -4*g - 5*h. Suppose -30*u + 8468 = -g. What are the prime factors of u?
2, 3, 23
What are the prime factors of 17279/7 + ((-36)/(-84))/(6/8)?
3, 823
Suppose -3*i + 5*s = -15047 - 62593, 51779 = 2*i + 3*s. What are the prime factors of i?
5, 31, 167
What are the prime factors of (208 + -5)*(-3 - -74)?
7, 29, 71
Let f(t) = 6*t**2 + 15*t - 4. Let o be f(12). Let h = o - 114. List the prime factors of h.
2, 463
Let c = 13251 - 12252. List the prime factors of c.
3, 37
Let a(u) be the first derivative of -52*u**2 + 77*u + 11. What are the prime factors of a(-4)?
17, 29
Let x be ((9 - 4) + 1)*2/(-3). Let k(w) = 13*w**2 - 10*w - 6. Let r(f) = -25*f**2 + 18*f + 12. Let o(p) = -5*k(p) - 3*r(p). What are the prime factors of o(x)?
2, 5, 17
Let l(h) = -6*h**3 - 11*h**2 + 32*h + 48. List the prime factors of l(-12).
2, 3, 11
Let t be -17 + -104 - 10/2. Let a = t + 435. What are the prime factors of a?
3, 103
Suppose 4*u + 4*f = f - 4, -4*u + 5*f = 36. Let o be u - ((-189)/4)/((-9)/(-48)). Suppose -2*j + 17 = 5*s - 203, 2*j - 2*s - o = 0. List the prime factors of j.
2, 3, 5
List the prime factors of (-12)/(66/(-11))*(-48876)/(-8).
3, 4073
What are the prime factors of 243678/40 + (-47)/(-940)?
2, 1523
Suppose 0 = -3*u + 5*q + 34711, -4*u + 39239 = -5*q - 7054. What are the prime factors of u?
2, 5791
Let s(r) = -2*r**3 - 94*r**2 - 57*r + 66. Let x be s(-47). Let h = x - 1638. What are the prime factors of h?
3, 41
Let f(s) = -2*s**2 + 33*s - 144. Let h be f(10). Let z(k) = 42 + 0*k**2 + 9*k + k**2 + 0*k**2. What are the prime factors of z(h)?
2, 7
Let d(l) = -5*l**2 + l. Let z be d(-2). Let h = z + 56. Suppose -h*k + 31*k + 27 = 0. What are the prime factors of k?
3
Let x be -6 + 1 - (-4)/((-12)/2367). What are the prime factors of -6 - 3/3 - x?
787
Let f = -175 + 173. List the prime factors of (-3)/(-33)*f - 870/(-66).
13
Let x(k) = -2*k**3 - 57*k**2 + 9*k + 15. Let d(m) = m - 8. Let b be d(-21). List the prime factors of x(b).
5, 7, 17
Suppose 4*m + g - 17599 - 14424 = 0, -12 = -4*g. What are the prime factors of m?
5, 1601
Suppose 0 = -46*k + 62*k - 32. Suppose -5*p + 4693 = 3*s, 0 = -5*p + 4*s - k*s + 4713. What are the prime factors of p?
941
Suppose 29954*b - 29930*b = 2023032. What are the prime factors of b?
11, 79, 97
Suppose 92*w - 4490619 = -162387. List the prime factors of w.
2, 3, 7841
Let z = 107261 - 30677. What are the prime factors of z?
2, 3, 3191
Suppose 4*i + 20 = 2*i + 4*p, -3*i = -3*p + 24. Let d(m) = -m**3 + 2*m**2 - 6*m - 18. What are the prime factors of d(i)?
2, 3, 17
Suppose -8*c = 4*c + 3*c - 308565. What are the prime factors of c?
3, 6857
Suppose -b + 67 = o, 6*b = 4*o + 2*b - 308. Let q = 74 - o. Suppose -4*x - 60 = -5*y + 54, 2*x + q = 0. List the prime factors of y.
2, 11
Suppose 0 = -2*r - 5*x + 4956, 1137 + 8775 = 4*r - x. List the prime factors of r.
2, 3, 7, 59
Let n(i) = -572*i + 6. Let f be n(-1). Let o = -65 + f. List the prime factors of o.
3, 19
Suppose 9*m - 53985 - 16179 = 0. What are the prime factors of m?
2, 1949
Let m be 55332/108 + 3/(-9). Let j = 534 - m. List the prime factors of j.
2, 11
Suppose -3*c - 3*w = -39945, 617*w = -3*c + 613*w + 39947. What are the prime factors of c?
13313
Let w = 535 - 293. Let a = w + -19. List the prime factors of a.
223
List the prime factors of 1*(-84736)/(-40) + (-18)/45.
2, 3, 353
Let u = 90 + -37. Let i = u + -29. Suppose 25*j - i*j = 6. What are the prime factors of j?
2, 3
Let o(f) = 2*f**2 + 13*f - 7. Let p be o(19). Suppose -t = -0*n - n - 481, 2*n = -2*t + p. List the prime factors of t.
13, 37
Let s be (15 - 15)*1/1. Suppose s = -6*v + 24 - 30. What are the prime factors of v/(3/(-3)) + 49?
2, 5
Suppose 0 = -9*c + 87819 + 7635. List the prime factors of c.
2, 5303
Let l(p) = -2*p**3 - 7*p**2 + 2*p - 4. Let o be l(-4). Suppose -o*n + 5634 = 5*c, 5*c + 0*n - 4*n = 5666. What are the prime factors of c?
2, 5, 113
Suppose 5*v + 5*n - 3 = 7, -2*n = 3*v - 9. Let t be 248/((-3)/((-18)/12*9)). List the prime factors of t/v + 36/(-180).
223
Suppose 8*v + 4*c = 6*v + 4850, -4*c + 9720 = 4*v. What are the prime factors of v?
5, 487
Let c = -98 + 102. Suppose 0 = -c*d - 5*n + 53 + 197, -5*d + 294 = -3*n. List the prime factors of d.
2, 3, 5
What are the prime factors of (-19)/(-17) - 1 - 4152380/2720*-8?
3, 23, 59
Suppose -132116 = -3*z + o, -4*z = 74*o - 72*o - 176138. What are the prime factors of z?
3, 7, 233
Let n(j) be the first derivative of 2*j**3/3 + 16*j**2 + 2*j + 8. What are the prime factors of n(-21)?
2, 53
Suppose 11 = m - 3*i + 4, 0 = -2*m - 3*i + 5. Suppose 0*p + 3*p = m*o - 6179, 3*p + 7723 = 5*o. List the prime factors of o.
2, 193
Let l(s) = 108*s**2 - 26*s + 199. List the prime factors of l(18).
13, 2671
Let r = 79 - 78. Let y be 8/(-68) + (3657/17)/r. Suppose -2*k + 117 + y = 0. What are the prime factors of k?
2, 83
Suppose -186*l - 731 = -1197 - 1022. Let d(q) = -3*q + 1. Let c be d(-1). Suppose 3*p + 2*m = 208, -l*p + 284 = -4*p - c*m. What are the prime factors of p?
2, 5, 7
Suppose 28*p - 12 = 29*p. What are the prime factors of 2 + 1 - -39*(-248)/p?
809
Let b = -652 + 293. Let o = 580 + b. List the prime factors of o.
13, 17
Let f(w) = -2*w**3 - 16*w**2 + 2*w - 1. Let g = 119 - 128. List the prime factors of f(g).
11, 13
What are the prime factors of (-4 - 7/(-1))/((-144)/(-200496))?
4177
Let l = -1515 + 2812. Suppose 3*h - l - 1304 = 3*k, 3*h = -k + 2601. List the prime factors of h.
3, 17
Let g = -19 + 23. Suppose -g*z = 2*i, 0 = -2*z + i + i. Suppose -184 = -2*n - 2*v, z*v = -v + 1. What are the prime factors of n?
7, 13
Suppose -4